ive f(-6).
-4
Let o(u) = -u**2 + 8*u - 6. Let f(v) = -v**2 + 2*v + 14. Let g be f(4). Determine o(g).
6
Let x(l) be the first derivative of -l**2/2 - 4*l - 22. What is x(-4)?
0
Let a(g) = g. Let z be 7 - 0/(2 + 0). Let d be (-12)/z*42/(-12). Calculate a(d).
6
Suppose k - l + 6 = 0, k + 3*k + l + 14 = 0. Let q(m) = m**3 + 6*m**2 + 6*m + 6. Give q(k).
14
Let o(f) be the first derivative of -f**3/3 + 3*f**2 + f - 25. Suppose p = 3*p - 8. Give o(p).
9
Let l(y) = y**2 + 5*y - 4. Let g be l(-6). Let r be ((-1)/g)/((-2)/8). Suppose -r*b - 8 = -2. Let t(w) = -w**3 - 5*w**2 - 5*w - 2. Give t(b).
-5
Let j = 1 - 1. Let r(b) = b**3 - b**2 - 5. Give r(j).
-5
Let v be 333/270 + (-2 - (-24)/15). Let l(m) be the second derivative of 3*m + 0 + m**2 + v*m**3. Determine l(-2).
-8
Let i(f) be the third derivative of -f**5/60 - f**4/24 - f**3/6 - f**2. Let b(l) = l. Let v be b(-6). Let k be (-2)/3*(-9)/v. Give i(k).
-1
Let h(q) = -2*q**3 + 0 - 3*q**2 - 2*q**3 - 3 + 0*q + 3*q**3 + 2*q. Suppose 5*n - 15 = 5*p, 3*p + n = -19 + 6. What is h(p)?
5
Let x(d) = -2*d + 3. Suppose 4*n - 2*n - 106 = -4*g, -g + n + 34 = 0. Let u = g - 24. Give x(u).
-7
Let i(x) = 5*x + 2. Let m(j) = -j - 1. Let q(d) = i(d) + 3*m(d). Let v be (-12)/(-9)*(-6)/(-4). What is q(v)?
3
Suppose 5*a = -3*d - 2*d + 10, -4 = -4*d. Let i(w) = -2*w + 1. Determine i(a).
-1
Suppose n - 4*y + 2*y - 6 = 0, -9 = -n + 5*y. Suppose -2*v - u = -11, 0 = 4*v + 5*u - 28 + 3. Let x(a) = -6 - a - a + v*a. Calculate x(n).
6
Suppose 4*f - 35 = -5*i, 5*f + 5*i + 14 - 54 = 0. Let s(v) = v**2 - 5*v + 3. Let x be s(f). Let g(u) = -u**2 - 2. Give g(x).
-11
Let x(o) = 5 + 0 - 5*o**2 + 8*o + 5 - 2 - o**3. Let u = 6 - 12. Determine x(u).
-4
Let q be -1 + -1 + 4 + 4. Let p(d) = -d**2 + 7*d - 9. Determine p(q).
-3
Let h(t) = -t**3 + t**2 - 1. Let f = -27 + 28. Give h(f).
-1
Let v be 1/(-4*1/(-24)). Let c(d) = -13*d**3 - 7*d**2 + 7*d + 7. Let x(q) = -13*q**3 - 6*q**2 + 6*q + 6. Let p(u) = v*x(u) - 5*c(u). Give p(-1).
12
Let u(b) = b**3 - 8*b**2 + 9*b - 5. Let x = 65 - 58. What is u(x)?
9
Let o = 2 - 4. Let c(r) = r - 13. Let l = -11 - -15. Let k(d) = 3. Let q(y) = l*c(y) + 18*k(y). Determine q(o).
-6
Let c(h) = h**2 + 5*h + 2. Suppose -g - 29 = -4*d, d - 4*g - 26 = -0*g. Suppose i = d*i + 20. What is c(i)?
-2
Let d(r) = 2*r**3 - 2*r**2 - 2. Suppose 4*o = -1 + 9. Give d(o).
6
Let i be 158/(-1 + -1 - -3). Let m be i/18 - 4/(-18). Suppose -3*z = p - 3, 4*p - m = -5*z + 3. Let h(k) = k + 4. Calculate h(z).
4
Let d(w) be the second derivative of -w**3/3 - w**2 - 5*w. Let v = 1 - 5. Determine d(v).
6
Let a = 10 + -4. Let r(g) be the third derivative of g**6/120 - 7*g**5/60 + g**4/4 + g**3/6 + 51*g**2. What is r(a)?
1
Let p = 2 - 2. Let t(q) = q - 12. Let w(n) = -3. Let d(l) = -t(l) - w(l). Calculate d(p).
15
Let b(p) be the first derivative of -p**3/3 + p**2/2 + 43. Give b(3).
-6
Let k(w) = -6*w**3 + w**2 - 9*w - 7. Let a(l) = -5*l**3 - 8*l - 6. Let c be 1/(11/(-5) - -2). Let b(o) = c*a(o) + 4*k(o). Give b(-3).
-1
Let d(f) be the first derivative of -f**6/120 + f**5/12 + f**4/6 + 4*f**3/3 + 5*f**2/2 - 3. Let p(t) be the second derivative of d(t). Calculate p(6).
-4
Let h = -3 - -6. Let t(m) = m - 2. Calculate t(h).
1
Let k(w) = -w - 1. Let h(f) = -2*f - 20. Let s be h(-10). Determine k(s).
-1
Suppose l = 4*l. Let s(c) = -c - 7. What is s(l)?
-7
Let x(m) = m**3 + 3*m**2 - m - 2. Suppose 2*d = 5*d - 27. Suppose 9*a - d = 12*a. Calculate x(a).
1
Let r(f) be the first derivative of -f**3/3 + f**2/2 + 5*f + 3. Let l(u) be the first derivative of r(u). Determine l(-6).
13
Suppose 3*l - 10 = -0*l + 4*t, 4*l = 5*t + 13. Suppose l*m + 6 = m. Let r(n) = 1 + 5*n + n**2 - 2 + 0*n**2. What is r(m)?
5
Let s(z) be the second derivative of -z**5/20 + 7*z**4/12 - 2*z**3/3 - 7*z**2/2 - z. Suppose -18*u - 8 + 116 = 0. Determine s(u).
5
Let b = 4 - 0. Suppose -b*l - l = 0. Let y(s) = s**2 + 6. Calculate y(l).
6
Let w(g) = 2*g**3 - 8*g**2 + 6*g - 4. Let m(c) = -c**3 + 7*c**2 - 6*c + 4. Let j(a) = 3*m(a) + 2*w(a). Calculate j(-6).
4
Let m(y) = -2 + 0 - y**2 + 120*y - 126*y. Let a be 0/((4/2)/(-1)). Suppose a*b = -4*b - 16. What is m(b)?
6
Let t(n) = -n + 10. Let c(z) = z**2 + 7*z + 13. Let k be c(-6). What is t(k)?
3
Let v(f) be the first derivative of -f**3/3 + 7*f**2/2 + 35. Determine v(8).
-8
Let t(h) be the first derivative of h**3 - 2*h**2 + 3*h + 7. What is t(2)?
7
Suppose -1 = -3*m + 2*m. Let n(b) = b**2 + 4*b + 3. Let g be n(-4). Let h(f) = -5*f**2 + f**2 - 1 - f + g*f. Determine h(m).
-3
Suppose s - u - 12 = 2*u, 21 = 3*s - 4*u. Let k(l) = -2*l + 2 - s + 6. Calculate k(4).
-3
Let m(i) be the second derivative of i**3/6 - 9*i**2/2 + 3*i. What is m(0)?
-9
Let a(x) be the third derivative of -x**5/60 + 5*x**4/24 - x**3/3 + 20*x**2. What is a(3)?
4
Suppose -3*s + 2 = -16. Let o(w) = 3*w**2 - 4*w**2 + 0*w**2 + 7*w - s + 1. Determine o(4).
7
Suppose -u + 2 + 1 = r, -17 = r + 5*u. Let k(q) = -q**3 + 8*q**2 + 1. Calculate k(r).
1
Let m(y) = y**2 - 4*y + 5. Let d be m(4). Suppose -24 = -d*k - 4. Let g(j) = 2 + 4 + 0 - 3 - k*j. Give g(2).
-5
Let o(h) = -3 + 5*h - 4*h**2 - 15*h + 5*h**2 + 3*h. Calculate o(7).
-3
Let v(h) = -h**2 + 1. Let x(u) = -5*u**2 - 6*u - 2. Let s = 5 - 6. Let d(q) = s*x(q) + 4*v(q). Let m = 8 - 13. Determine d(m).
1
Let s(o) = o**3 + 3*o**2 - 3*o. Let w be ((-4)/6)/(10/45). Calculate s(w).
9
Let t(m) = -m**2 + 7*m - 6. Let j be (-201)/(-15) + 4/(-10). Suppose 4*l + 4*q - j = q, -5*q = 5. What is t(l)?
6
Let y(p) = 0 + p - 6 + p**2 - 6*p. What is y(6)?
0
Let a(z) be the first derivative of -z**2/2 + z + 7. Calculate a(-2).
3
Let g(v) = -v**2 + 8. Let q(u) = 9*u**2 - 9*u + 29. Let m(y) = -5*y**2 + 5*y - 15. Let j(p) = 11*m(p) + 6*q(p). Let r(i) = 4*g(i) - 3*j(i). What is r(-4)?
1
Let b(n) = 2*n + 3. Suppose 2*k + 13 = 7. Give b(k).
-3
Let x(b) = -b + 5. Let t = 19 + -24. Calculate x(t).
10
Let f(a) = -a**2 + a + 2. Let q be 0 + 1 - (-8)/(-2). What is f(q)?
-10
Let k(y) be the second derivative of -y**5/60 - y**4/8 + y**3/6 - 2*y. Let g(l) be the second derivative of k(l). Determine g(-2).
1
Let h(z) = -3*z**3 - 1. Let k = -5 + 4. Calculate h(k).
2
Let w(x) = 2*x**2 - x**2 - 5 + 34*x**3 - 35*x**3 + 7*x + 3*x**2. What is w(5)?
5
Let g = -2 - -2. Let t(i) = i + 3. Let c be 2/(-11) + (-31)/11. Let v(s) = -s - 4. Let d(m) = c*t(m) - 2*v(m). Determine d(g).
-1
Let n(b) = 4*b + 4. Let v(d) = 5*d + 3. Let i be 2/(-1*2/4). Let t(l) = i*n(l) + 3*v(l). What is t(-6)?
-1
Let d(f) = -f**2 - 4*f - 5. Let o(j) = -j**2 - 4*j - 4. Let u(w) = -3*d(w) + 4*o(w). Give u(-4).
-1
Suppose 0 = -5*l - 2*v + 14 + 40, -5*l + 2*v + 46 = 0. Suppose -2*s - 3*s = l. Let c(x) = x**3 + 2*x**2. Give c(s).
0
Let f(j) = -1 - 18*j - 17*j + 37*j + j**2. Determine f(-4).
7
Let a(g) = g**2 - 2 - 3*g**2 + 1 + 3*g**2 - 3*g. What is a(3)?
-1
Let d = 4 - -6. Let v = 7 + 9. Let y = d - v. Let g(u) = 2*u + 7. Calculate g(y).
-5
Let d(k) = -8*k + 1. Let b = -19 - -20. Determine d(b).
-7
Let j(f) = f**3 + 11*f**2 - f + 1. Let p(w) = -w**3 - 10*w**2. Let a(i) = 4*j(i) + 5*p(i). Suppose -4*z = -4*b + 15 - 3, 3*z - 5*b = -5. What is a(z)?
-1
Let w(l) = l**2 + 2*l**2 - l + 4*l**2 + 0*l**2. Calculate w(1).
6
Let x(y) = y**3 + y**2 - 2*y - 1. Let k = -49 + 47. Determine x(k).
-1
Suppose -w = -4 - 5. Suppose -w*l + 4*l + 30 = 0. Let h(v) = -v**2 + 6*v. Give h(l).
0
Let i(t) = -t - 1. Suppose 0 = s + v - 5, 0*s + v = -3*s + 13. Let y be 84/(-18) - s/(-6). Calculate i(y).
3
Let q(i) be the second derivative of -i**3/2 - 2*i**2 + i. Let k be ((-3)/2)/((-3)/(-6)). Calculate q(k).
5
Let c(m) = -m**2 + 6*m + 4. Suppose 5*a - 2 = 8. Suppose a*g = 3 + 7. What is c(g)?
9
Suppose 0*k - 5 = -k. Let w(q) = q**3 - 4*q**2 - 6*q - 5. What is w(k)?
-10
Let n(b) be the third derivative of 1/6*b**3 + 0*b + 3*b**2 + 0 + 1/12*b**4. Determine n(-6).
-11
Suppose 13 = -4*w + 7*w - g, w + 4*g = 0. Let f(p) = p**3 - 5*p**2 + 6*p - 4. Determine f(w).
4
Suppose 2*t = 5*h + 12, -2*t = 3*t - 5*h - 15. Let n be 0 + 2/2 + t. Let m(f) = 3*f + f**3 - f**n + 0*f**3 - 3*f - 3. Give m(0).
-3
Let w(b) = 3*b**3 - b. Let r = 9 - 7. Suppose -4*d = 3*l + 1 + 7, 4*d = r*l + 12. Determine w(d).
2
Suppose 0*g + 4*n + 4 = 2*g, 0 = 3*n. Let p(v) = v**2 + 0*v**g - 3 - 4*v + 6*v. Let w be p(2). Let h(b) = -b**2 + 5*b - 2. What is h(w)?
